-2*t, 2*t - 5*b + 8 = 0. Let m = t - -6. What is the remainder when 69 is divided by m?
9
Suppose 4*i - 4*v + 40 = 136, 4*v = 2*i - 48. Let p = -14 + i. Suppose 2*w = -2*w + 28. What is the remainder when p is divided by w?
3
Let f = -19 + 48. Let l(o) = o + 1. Let k be l(-17). Let z = 31 + k. Calculate the remainder when f is divided by z.
14
Suppose -2*o + 33 = -t + 3, -o + 10 = 2*t. What is the remainder when 92 is divided by o?
8
Suppose 5*a = -29 + 4, 5*a = 3*v - 142. Let q(y) = -12*y - 4. Suppose 8*f = 9*f + 2. What is the remainder when v is divided by q(f)?
19
Suppose 0 = 5*p - 5 - 20. Suppose j = p*j - 12. Let d = -665 - -669. Calculate the remainder when d is divided by j.
1
Suppose 52*c - 9276 = -2776. Let i = 4 - -14. What is the remainder when c is divided by i?
17
Let n = -603 - -611. Calculate the remainder when 65 is divided by n.
1
Let i = -173 - -190. Calculate the remainder when 46 is divided by i.
12
Let x(d) = -d**2 - 14*d - 33. Calculate the remainder when 335 is divided by x(-9).
11
Let j(y) = y**2 - y - 25. Let c be (18/(-27))/(4/(-42)). Calculate the remainder when j(c) is divided by 5.
2
Suppose 0 = 3*m - 15 - 0. Suppose 2*b + 22 = 3*k, 2*b + 46 = m*k + b. Calculate the remainder when 28 is divided by k.
8
Let a = -319 - -400. Calculate the remainder when 156 is divided by a.
75
Suppose -11*c = 7*c - 14*c. Let y be (-2 - -2)/(-2) - -11. Suppose c = -y*d + 8*d + 33. Calculate the remainder when d is divided by 4.
3
Suppose -19*c + 11*c = -1096. Let l = -116 + c. Calculate the remainder when 41 is divided by l.
20
Suppose 0 = -f + 1 + 11. Let q be (53/(-7) - 1)/((-6)/42). Let w = q + -38. What is the remainder when w is divided by f?
10
Let l = -275 + 283. Suppose 2*t + d + 18 - 6 = 0, -5*t - d - 27 = 0. Let a(k) = k**2 - 2*k - 5. Calculate the remainder when a(t) is divided by l.
6
Suppose -24*a + 21*a = -3*j + 456, 5*j + 4*a - 760 = 0. Calculate the remainder when j is divided by 57.
38
Let d(s) = 138*s - 132. What is the remainder when d(3) is divided by 55?
7
Suppose 9 + 110 = g. Suppose 6*y = -g + 329. Let t = -19 + y. What is the remainder when 61 is divided by t?
13
Suppose -9*n - 5*n + 1464 = 10*n. Let j = 14 - 6. What is the remainder when n is divided by j?
5
Suppose -5*k = 2*f - 6*f - 323, -5*k + 3*f = -326. Suppose 13 = 2*h - 35. Calculate the remainder when k is divided by h.
19
Calculate the remainder when (-175)/2*(13 - 138/10) is divided by 37.
33
Suppose x - 4*l - 141 = 41, -5*x + 5*l + 880 = 0. Let u = 36 - 1. What is the remainder when x is divided by u?
34
Let h(u) = u**3 + 5*u**2 + 8*u + 3. Let a be h(-5). Let f = 42 + a. What is the remainder when 15 is divided by f?
0
Suppose 2*n = 5*l - 52, -4*n = 2*l - 5*n - 20. Suppose 41 = 2*h + 23. What is the remainder when (h/(-6))/(9/(-132)) is divided by l?
10
Let p = 355 + -306. What is the remainder when 131 is divided by p?
33
Let r be 0/(-9*(-1)/3). Suppose r = w + 4*w - 85. What is the remainder when 29 is divided by w?
12
Let s be (-10)/((-5)/1) + (0 - -87). Let w = s + -31. Calculate the remainder when w is divided by 10.
8
Let t(f) = -f**2 + 9*f + 110. Let v be t(-7). Let q = -28 + 41. Let y = q + v. What is the remainder when y is divided by 7?
4
Suppose -86 = -5*a + 84. Calculate the remainder when 135 is divided by a.
33
Suppose -766 = -5*r - 2101. Let y = r - -408. What is the remainder when y is divided by 36?
33
Let v = -26 - -30. Suppose v*a - 111 = -27. What is the remainder when 60 is divided by a?
18
Let r = -352 - -521. Let n = -76 + 105. Calculate the remainder when r/3 - 4/(-6) is divided by n.
28
Let w = 764 + -645. Calculate the remainder when 129 is divided by w.
10
Suppose 0 = 4*l - y + 23, 5*l + 5*y = 3*y - 45. Let q = 18 + l. Suppose 3*u - 58 = -2*u + 2*t, u - t - q = 0. What is the remainder when u is divided by 5?
2
Suppose 0 = -3*b + 3*m + 216, -5*b = -2*b + m - 232. Let k = 127 - b. What is the remainder when k is divided by 14?
9
Suppose -4*t - 3*a - 11 = 0, 0 = 2*t - 3*a + a - 12. Let n = 6 + 5. Calculate the remainder when t - 2 - (-29 - 3) is divided by n.
9
Suppose 0 = -2*c - i + 253, 6 = -2*i - 4. Calculate the remainder when c is divided by 12.
9
Let b be -1 + 3 + (-6)/3. Suppose 4*l - 8*l + 64 = b. What is the remainder when 47 is divided by l?
15
Let i(m) = m**3 + 4*m**2 + 4*m + 3. Let s be i(-2). Let d be (-2)/(260/(-85) + s). Let r = d - 26. What is the remainder when 22 is divided by r?
6
Calculate the remainder when (4/(-6))/(10 - 20172/2016) is divided by 18.
4
Let n = 13 - 8. Suppose n*z = -4*t + 16 + 29, -2*t + 5 = -z. What is the remainder when 5 is divided by t?
0
Let i(v) = 4*v**2 + 50*v - 30. Calculate the remainder when 104 is divided by i(-14).
50
Suppose 50*t - 2562 - 1288 = 0. What is the remainder when t is divided by (-4)/10 + (-164)/(-10)?
13
Let f(g) = -g**2 + 15*g - 41. Suppose 6*m - s = m + 292, 0 = -2*m - 5*s + 106. What is the remainder when m is divided by f(7)?
13
Suppose 0 = 48*h - 40*h - 144. Calculate the remainder when 52 is divided by h.
16
Suppose -140*y + 134*y = -204. What is the remainder when 38 is divided by y?
4
Calculate the remainder when 143 is divided by (24/10)/((-96)/(-320)).
7
Let h(j) = j**2 - 7*j - 12. Calculate the remainder when 45 is divided by h(-3).
9
Let w = 20 + 23. Let n = 111 - 100. What is the remainder when w is divided by n?
10
Let i = -91 - -271. Suppose 22*g - i = 17*g. Calculate the remainder when 141 is divided by g.
33
Let i(z) = 110*z - 17. Calculate the remainder when i(4) is divided by 53.
52
Let i(s) = -s**2 - 6*s - 5. Let b be ((-2)/4)/((-5)/(-240)). Let a = b - -26. Calculate the remainder when i(-4) is divided by a.
1
Suppose -3*b = -d - 285, -d + 95 = -b + 2*b. What is the remainder when 568 is divided by b?
93
Let f = -436 - -502. Calculate the remainder when 260 is divided by f.
62
Let w(h) = h**3 - 9*h**2 - 14*h + 35. Let n be w(10). Let z = 15 + n. Let u = 48 + -29. What is the remainder when u is divided by z?
9
Suppose -x + 5*u + 110 = 0, -490 = -5*x - u - 4*u. Suppose -5*h - x = -10*h. Calculate the remainder when 37 is divided by h.
17
Let y be (-2)/7 - (-74)/14. Suppose y*m - 4*o = 203, 0 = -3*o - 4 - 2. Let b(h) = 5*h - 34. What is the remainder when m is divided by b(11)?
18
Let x = -29 - -32. What is the remainder when 74 is divided by 80/x - 16/24?
22
Suppose 5*k - 4*c - 1215 = 0, 3*k + 3*c = 5*c + 731. What is the remainder when k is divided by 31?
30
Let v(f) = f**2 - f - 5. Calculate the remainder when v(7) is divided by 27.
10
Let i(y) = y + 8. Suppose f - 37 = -3*o, 4*f - 2 - 2 = 0. Calculate the remainder when i(o) is divided by 13.
7
Let x(n) = -59*n + 177. What is the remainder when x(-15) is divided by 26?
22
Let v(l) = -20*l + 1. Let t be v(-6). Suppose 3*x + 1 = t. Calculate the remainder when x is divided by 11.
7
Let k = 447 - 296. Let n = k + -117. Calculate the remainder when n is divided by 5.
4
Let v be (-18)/(-7) - 15/(-35). Let r be 2/2*(v - 1). Calculate the remainder when 46 is divided by (6 - (-2 + -2)) + r.
10
Let v(j) = j**2 + 2*j - 14. Let y be v(5). Suppose -28 - y = -r. Suppose 0 = -p + 5*p - 100. What is the remainder when r is divided by p?
24
Suppose i + z - 18 = 0, 0*i = -5*i + 2*z + 118. Let a = i - -12. Calculate the remainder when a is divided by 9.
7
Let p = -153 - -225. Suppose 8 = 2*u, 3*f + 2*f = 2*u + p. Let m(w) = -w**3 + 5*w**2 + 5*w - 6. Calculate the remainder when m(4) is divided by f.
14
Suppose -50*w + 49*w = 2. What is the remainder when -1 - -97*(-1 - w) is divided by 14?
12
Let t = 19 - 7. Suppose -770*k = -760*k - 70. Calculate the remainder when t is divided by k.
5
Suppose -231 + 191 = -4*r. Calculate the remainder when r is divided by 7.
3
Suppose 0 = 15*u - 358 - 152. Calculate the remainder when u is divided by 9.
7
Let j(m) = -m**3 + 11*m**2 + 10*m + 17. Let c be j(12). Let v(b) = -b**3 - 6*b**2 - 5*b - 9. Calculate the remainder when v(c) is divided by 19.
18
Let j(l) = 2*l**3 + 21*l**2 + 16*l + 10. What is the remainder when j(-8) is divided by 51?
49
Suppose -2*q = 4*x - 0*q - 14, 5*q = -5*x + 10. Calculate the remainder when x/(15/36) + -4 is divided by 5.
3
Suppose 20 = -5*w, -10*c + 1300 = -6*c - 3*w. What is the remainder when c is divided by 19?
18
Suppose 76 = 4*x 